et w(i) = -7*i**2 + 7*i - 54. Let v(c) = 3*c**2 - 3*c + 27. Let s(g) = -9*v(g) - 4*w(g). Let q = -138 - -165. Suppose -q*t = -21*t. Give s(t).
-27
Let c(r) be the third derivative of r**5/30 - 13*r**4/24 - 13*r**3/6 + 112*r**2 - 5*r. Determine c(7).
-6
Let r(j) = j**2 + 3*j + 10. Suppose 1017 = 10*d - 673. Suppose 0 = 165*o - d*o - 16. Determine r(o).
14
Let t(m) = -5*m + 7. Suppose -2*q - 2*p = 68, 0 = -q + p - 0*p - 28. Let d be (q/(-93))/((-2)/18*-1). Calculate t(d).
-8
Let j(g) be the first derivative of g**5/120 - g**4/24 - 50*g**3/3 + 96. Let i(d) be the third derivative of j(d). Give i(5).
4
Suppose -3 + 0 = x. Let w(r) = 14*r**2 - 2*r + 13. Let u(j) = 18*j**2 - 2*j + 17. Let h(a) = 4*u(a) - 5*w(a). Determine h(x).
15
Let m(y) = 14*y**2 - 8*y - 140. Let b(l) = -5*l**2 + 2*l + 47. Let t(i) = -17*b(i) - 6*m(i). Give t(-4).
1
Let l(h) = -h**2 + 2*h - 2. Let f(x) = 6*x + 147. Let y be ((-60)/(-6) - 4) + -31. Let k be f(y). What is l(k)?
-17
Suppose 0*s - 3*s - 3*t = -24, 0 = 5*s - t - 10. Let v(d) = -2*d**2 - d. Let p(r) = 3*r**2 + r. Let i(w) = -3*p(w) - 4*v(w). Give i(s).
-6
Let h(z) be the second derivative of -3*z**5/10 - z**4/12 - z**3/6 + z**2/2 + 5*z. Suppose -x + 2 = -4. Let s = x + -5. Give h(s).
-7
Let m(r) be the third derivative of r**4/4 + 145*r**3/6 - 3823*r**2. Determine m(-23).
7
Let r(q) = q**3 - 2*q**2 - 2*q - 32. Let l = 6229 - 6229. What is r(l)?
-32
Let q(t) = -7*t - 8. Let h(g) be the second derivative of g**3/6 + g**2/2 - 16*g - 3. Let n be h(-4). Calculate q(n).
13
Let t(k) be the third derivative of -k**6/120 + 7*k**5/30 - 13*k**4/24 + 3*k**3/2 - 3*k**2. Let q = 770 + -757. What is t(q)?
9
Let m(d) = -d**2 + 10*d - 19. Let p be m(7). Let w be (-29 - 2)*4/(p + 2). Let x = -36 - w. Let n(b) = -b**3 - 6*b**2 - 5*b + 6. Determine n(x).
6
Let k(v) = -v**3 - 2*v**2 + 2*v - 4. Suppose 7*b = -12*b + 6*b - 26. What is k(b)?
-8
Let j(a) be the second derivative of -a**3/3 - 4*a**2 - a + 448. Calculate j(-12).
16
Let f(j) be the first derivative of 14*j**3/3 - 53*j**2/2 + 15*j - 152. Let m(g) = 5*g**2 - 18*g + 5. Let a(u) = 4*f(u) - 11*m(u). Determine a(14).
5
Suppose 0 = g - 4, -2*g - 15 = -5*t + 77. Let v be (-17)/((-15)/t + (-2)/(-8)). Suppose -v = -y - 38. Let d(u) = u**3 + 5*u**2 + 4*u - 3. What is d(y)?
-3
Let v(r) = 12*r + 694. Let y be v(-58). Let a(s) = 15*s + 4. Determine a(y).
-26
Let a be -3 + 0 + (-2520)/(-18). Let x be 1/6 + a/6. Let i = 17 - x. Let q(j) = -j**3 - 6*j**2 + 8. Give q(i).
8
Let m(o) = -o**3 + 7*o**2 - 4*o + 5. Let v(r) = r**3 - 10*r**2 - 22*r - 15. Let g be v(12). Let q(t) = t**3 - 8*t**2 - 5*t - 29. Let f be q(g). Determine m(f).
-23
Let a be (-84)/(-336) + (-51)/(-4). Let b(m) = m**3 - 14*m**2 + 11*m + 20. Determine b(a).
-6
Suppose 4*u - u - 54 = 0. Let j = -15 + u. Let a(h) = -5*h**2 + 2*h - 9. Let b(q) = -14*q**2 + 5*q - 25. Let r(o) = 17*a(o) - 6*b(o). Give r(j).
0
Let k(h) = 79*h - 32. Let q(a) = 351*a - 126. Let u(c) = -9*k(c) + 2*q(c). Give u(5).
-9
Let g(b) = -1410*b - 1 + 2782*b - 4 - 1393*b. Give g(4).
-89
Let l(d) be the third derivative of d**6/720 + d**5/20 + d**4/24 - d**3/3 - 77*d**2. Let h(u) be the second derivative of l(u). Calculate h(3).
9
Suppose -7*w = 5*w + 24. Let t(d) = -11*d - 8. Let j be -7 + (-3 - -7) + -2. Let l(a) = -7*a - 5. Let s(x) = j*t(x) + 8*l(x). Determine s(w).
2
Let k(z) = z**2 + 26*z + 23. Let h(v) = -5*v**2 - 135*v - 24. Let w be h(-27). What is k(w)?
-25
Let t = 16448 - 16461. Let c(w) = w**2 + 20*w + 47. Determine c(t).
-44
Let n(b) = -27 - b + b**2 - 20 + 66. Suppose -2*r - 2*d = -3*d - 18, -3*r + 2*d = -25. Suppose 3*p + 9 = 8*j - r*j, 0 = -3*p + j + 3. Calculate n(p).
19
Let d(c) = -5 + 0 + 1416*c**3 + c**2 + 2 - 1417*c**3 - c + 9*c. What is d(4)?
-19
Let n(f) = -f + 2. Let u(j) = 3*j - 6. Let a(w) = 17*n(w) + 6*u(w). Let r(d) = d**3 - 6*d**2 + 9*d - 10. Let t be r(6). Suppose b + t = 50. Calculate a(b).
4
Let z(u) be the third derivative of 1/6*u**4 + 1/30*u**5 + 2*u**2 + 67 + 0*u**3 + 0*u. Suppose 2*d + 44 - 18 = 5*f, 4*f = -4*d + 4. Calculate z(d).
6
Let l(c) = -2*c**3 - 2*c**2 - 2*c. Suppose -38*u - 11 = 217. Let f be (-4 - u)*(-1)/1. Determine l(f).
12
Let i be ((-24)/(-22))/(142/(-781)). Let c(p) = p**2 + p + 11. Give c(i).
41
Let i(x) = 2*x + x**3 + x**3 + 2*x**2 - 2*x - x - 1. Let k be ((-9 - -4) + 4 + -6)*(-22)/(-77). Calculate i(k).
-7
Let h(n) = n**3 + n**2 + 2*n + 2. Suppose -5*d - 10 = 0, 4*o + 0*o - d = -6. Let a be 6/4 - (-7)/o. Determine h(a).
-6
Let c be (9/(-6))/((30/120)/(-2 + 0)). Let v(x) = -2*x**2 + 25*x - 1. Determine v(c).
11
Let y(l) = l**3 + 26*l**2 - 30*l - 85. Let u be -3 + (-4 - (17 - -3)). Give y(u).
-4
Let u(s) = 37 - 24 + 11*s - 21*s - 23 + 7*s. Calculate u(-20).
50
Let d(q) = q - 13. Suppose 272*v - 286*v + 182 = 0. Give d(v).
0
Let g = -33 - 51. Let x = -76 - g. Let b be (18/12)/((-6)/x). Let c(l) = -l**3 + 2*l + 1. Determine c(b).
5
Suppose -31*n - 1266 = -25*n. Let w = 204 + n. Let i(l) = -7*l - 3. Determine i(w).
46
Let h(w) = w**3 + 8*w**2 + 10*w - 7. Suppose 156 = -20*i + 196 - 180. Give h(i).
-28
Let x be ((-21)/(-3) - 3)/(1 - -1). Let c(z) = -2*z + 2 + 115*z**2 - 113*z**x - z. Let l = 9 - 7. Give c(l).
4
Let a(j) = j**3 + 6*j**2 - 8*j. Let d = 4062 - 4069. Determine a(d).
7
Let q = -2558 + 2557. Let c(h) = 3 + 1 - 8*h - 3 + 0. Determine c(q).
9
Let r be -1 + 4 + (-7 - -10). Suppose r*s = 2*s. Let v(o) be the first derivative of -o**2/2 + 10*o - 870. Give v(s).
10
Let i(m) = m**2 - 17*m + 10. Suppose 1005 = 125*q - 1120. Calculate i(q).
10
Let v = -28 - -11. Let z(f) = -6*f + 2. Let u(h) = -18*h + 6. Let s(x) = v*z(x) + 6*u(x). Let g(t) = -t**3 - 3*t**2 - 2*t - 2. Let p be g(-2). What is s(p)?
14
Let v = -52 + 56. Let l(k) = 87 - 4*k - 2*k**3 + 4*k**2 - 81 + 5*k**2. What is l(v)?
6
Let w(v) = v**2 + 2*v**2 - 2*v**3 - 2341 + v + 2343 - 4*v**2. Let z = 339 - 337. Calculate w(z).
-16
Let s(p) = -7*p + p**2 - 5*p - 3*p - 1 - 2. Suppose 359 - 113 = 58*o - 624. Give s(o).
-3
Let u(v) = v + 7. Let j = -94 - -98. Suppose -2*h = 5*a - 21, -22 = -3*h - 2*a + j*a. Suppose -2*i - 14 = -6*i - 3*z, h = -4*z. What is u(i)?
12
Let x(n) = -2*n**2 - 1 + 2 - n**3 - 2. Suppose -93 = 203*z + 169*z - 341*z. Calculate x(z).
8
Suppose -4*v - x = -28, 0 = 4*v + 5*x - 10*x - 52. Let l be 2*(-1 + 28/v). Suppose l*q - 3*q = 4. Let k(w) = -w**2 + w + 1. Calculate k(q).
-1
Let a be (-6)/12*6/(-1). Let m(p) = 8*p + p**a - 2*p**2 + 624 - 5*p**2 - 627. Calculate m(6).
9
Suppose -3 + 7 = -2*k. Let n be (12/24)/(k/(-680)*-2). Let b = n + 82. Let p(h) = 2*h**3 + 4*h**2 - h - 1. Calculate p(b).
-16
Let s(x) = -2*x**2 + 11. Let k be (-5)/((4 - 5)/(-2)). Let u(m) = -3*m - 27. Let b be u(k). What is s(b)?
-7
Suppose 2*v = -4*h - 0*h - 4, -2*v = h - 5. Suppose -3*r - v = 11. Let a(y) = 5*y - 27. Let f(j) = -3*j + 18. Let x(k) = -5*a(k) - 8*f(k). What is x(r)?
-4
Let y(x) = -4*x + 10. Let z(p) = 6*p - 5. Let q(v) = -5*y(v) - 4*z(v). Give q(-6).
-6
Let r(g) = g**2 + 16*g - 7. Let f be r(-16). Let i(p) = -4*p - 12. Calculate i(f).
16
Let s(c) be the first derivative of 15*c**2/2 + 19*c + 3979. Give s(0).
19
Let a(m) = -17*m**2 - m - 1. Suppose o - 23 = -3*v - 19, 0 = 3*o - v + 8. Calculate a(o).
-67
Let c be (-3 + 248/88)*132/(-18). Let m(h) be the second derivative of 3*h**2 + h - c*h**3 - 1/12*h**4 + 0. What is m(-8)?
6
Let z(x) = -24*x**2 - 5 + 12*x**2 - 3*x + 4*x + 8*x**2 + x**3. Suppose 0 - 8 = -2*k. Give z(k).
-1
Let s(m) = m**3 + m + 12. Let d = 145 - 151. Let o(h) = -h**3 - 7*h**2 - 4*h + 12. Let p be o(d). Give s(p).
12
Let m(g) be the third derivative of -g**5/30 - g**4/8 + 7*g**3/6 - 94*g**2. Determine m(3).
-20
Suppose 2*a - z - 8 = -0*a, 5*z + 26 = 3*a. Suppose -4*s = i + 14, 5*i + a*s = i + 14. Let b(j) = 43 + 10*j**2 - j**3 - 16 - 26 - 9*j - 3*j**2. What is b(i)?
-17
Let k(q) be the second derivative of q**5/20 + 5*q**4/12 + q**3/2 - q. Suppose -23 = -15*u - 2618. Let m = 169 + u. Give k(m).
4
Let m(w) = -37*w - 16. Let y(d) = 25*d + 11. Let i(r) = -5*m(r) - 8*y(r). What is i(-1)?
7
Let k(m) = 2*m. Let n(y) = -2*y - 2. Let g = -761 - -757. Let u(b) = g*n(b) - 3*k(b). Determine u(4).
16
Let y(u) = 5*u + 677 - 690 + 11*u. Let f(q) = 33*q - 28. Let n(l) = -6*f(l) + 13*y(l). What is n(-2)?
-21
Let f(j) = -6*j - 1. Let l be (-2 - 12)/(-2 - 